{"id":373,"date":"2026-01-27T17:57:41","date_gmt":"2026-01-27T16:57:41","guid":{"rendered":"http:\/\/localhost\/?page_id=373"},"modified":"2026-03-23T19:22:24","modified_gmt":"2026-03-23T18:22:24","slug":"ladymarkazi","status":"publish","type":"page","link":"https:\/\/smlounge.de\/index.php\/ladymarkazi\/","title":{"rendered":"Lady Markazi"},"content":{"rendered":"\n<section class=\"lux-profile\">\n\n  <header class=\"lux-profile__head\">\n    <h1 class=\"lux-profile__name\">Lady Markazi<\/h1>\n    <div class=\"lux-profile__tag\">Mistress<\/div>\n  <\/header>\n\n<!--------------------------------------------------------------- SOCIAL ICONS  -->\n        <div class=\"social-container-wrapper\">\n          <div class=\"social-container\">\n\n\n <a href=\"https:\/\/www.ladymarkazi.com\" class=\"social-icon\" target=\"_blank\" rel=\"noopener\">\n      <img decoding=\"async\" src=\"https:\/\/www.smlounge.de\/wp-content\/uploads\/2026\/01\/website-icon-29482-1.png\" alt=\"Website\">\n    <\/a>\n\n    <a href=\"https:\/\/wa.me\/4915140328917\" class=\"social-icon\" target=\"_blank\" rel=\"noopener\">\n      <img decoding=\"async\" src=\"https:\/\/www.smlounge.de\/wp-content\/uploads\/2026\/01\/oie_6121459qRoS0QlH.png\" alt=\"WhatsApp\">\n    <\/a>\n\n    <a href=\"https:\/\/www.instagram.com\/ladymarkazi?igsh=ZHBxeGFjYnlqbm95\" class=\"social-icon\" target=\"_blank\" rel=\"noopener\">\n      <img decoding=\"async\" src=\"https:\/\/www.smlounge.de\/wp-content\/uploads\/2026\/01\/Instagram.png\" alt=\"Instagram\">\n    <\/a>\n\n    <a href=\"https:\/\/x.com\/ladymarkazi_x?s=11\" class=\"social-icon\" target=\"_blank\" rel=\"noopener\">\n      <img decoding=\"async\" src=\"https:\/\/www.smlounge.de\/wp-content\/uploads\/2026\/01\/logo-twitter-png-47448-1.png\" alt=\"X\">\n    <\/a>\n\n<a href=\"mailto:info@ladymarkazi.com\" class=\"social-icon\" target=\"_blank\" rel=\"noopener\">\n      <img decoding=\"async\" src=\"https:\/\/www.smlounge.de\/wp-content\/uploads\/2026\/01\/icons8-email-50.png\" alt=\"Mail\">\n    <\/a>\n\n          <\/div>\n        <\/div>\n\t\t\n\t\t<div class=\"sm-schedule-wrapper\">\n  <table class=\"sm-schedule-table\">\n    <tr>\n      <th>Anwesenheit<\/th>\n      <th>Status<\/th>\n    <\/tr>\n\n    \n<tr>\n      <td>18.05.2026<\/td>\n      <td><span class=\"sm-status-available\">Verf\u00fcgbar<\/span><\/td>\n    <\/tr>  \n<tr>\n      <td>19.05.2026<\/td>\n      <td><span class=\"sm-status-available\">Verf\u00fcgbar<\/span><\/td>\n    <\/tr> \n\n     \n  <\/table>\n<\/div>\n\t<br>\t\n  <div class=\"lux-profile__grid\">\n\n     <!-- GALERIE -->\n    <div class=\"lux-panel\">\n      <div class=\"lux-gallery\">\n\n        <!-------------------------------------------------------------------------------------- Optional: Hauptbild -->\n        <a class=\"lux-gallery__hero\" href=\"\" target=\"_blank\" rel=\"noopener\">\n          <img decoding=\"async\" src=\"https:\/\/www.smlounge.de\/wp-content\/uploads\/2026\/01\/IMG_4459-scaled-1.jpeg\" alt=\"Hauptbild\" loading=\"lazy\">\n        <\/a>\n\n        <!------------------------------------------------------------------------------------- Grid: beliebig viele Bilder -->\n        <div class=\"lux-gallery__grid\">\n\n          <a class=\"lux-gallery__item\" href=\"\" target=\"_blank\" rel=\"noopener\">\n            <img decoding=\"async\" src=\"https:\/\/www.smlounge.de\/wp-content\/uploads\/2026\/01\/IMG_4450-scaled-1.jpeg\" alt=\"Bild 2\" loading=\"lazy\">\n          <\/a>\n\n          <a class=\"lux-gallery__item\" href=\"\" target=\"_blank\" rel=\"noopener\">\n            <img decoding=\"async\" src=\"https:\/\/www.smlounge.de\/wp-content\/uploads\/2026\/01\/IMG_4452-scaled-1.jpeg\" alt=\"Bild 3\" loading=\"lazy\">\n          <\/a>\n\n          <a class=\"lux-gallery__item\" href=\"\" target=\"_blank\" rel=\"noopener\">\n            <img decoding=\"async\" src=\"https:\/\/www.smlounge.de\/wp-content\/uploads\/2026\/01\/IMG_4453-scaled-1.jpeg\" alt=\"Bild 4\" loading=\"lazy\">\n          <\/a>\n\n <a class=\"lux-gallery__item\" href=\"\" target=\"_blank\" rel=\"noopener\">\n            <img decoding=\"async\" src=\"https:\/\/www.smlounge.de\/wp-content\/uploads\/2026\/01\/IMG_4451-scaled-1.jpeg\" alt=\"Bild 5\" loading=\"lazy\">\n          <\/a>\n\n <a class=\"lux-gallery__item\" href=\"\" target=\"_blank\" rel=\"noopener\">\n            <img decoding=\"async\" src=\"https:\/\/www.smlounge.de\/wp-content\/uploads\/2026\/01\/IMG_4458-scaled-1.jpeg\" alt=\"Bild 6\" loading=\"lazy\">\n          <\/a>\n\n<a class=\"lux-gallery__item\" href=\"\" target=\"_blank\" rel=\"noopener\">\n            <img decoding=\"async\" src=\"https:\/\/www.smlounge.de\/wp-content\/uploads\/2026\/01\/IMG_4460.jpeg\" alt=\"Bild 7\" loading=\"lazy\">\n          <\/a>\n\n          <!-- \u2026 einfach weiter kopieren \u2026 -->\n\n        <\/div>\n\n      <\/div>\n    <\/div>\n\n    <!-------------------------------------------------------------------------------- TEXT + SOCIAL -->\n    <div class=\"lux-panel\">\n      <!-- wenn Text extrem lang: lux-bio lux-bio--long -->\n      <div class=\"lux-bio lux-bio--long\">\n        <h2 class=\"lux-bio__title\">\u00dcber mich<\/h2>\n        <div class=\"lux-bio__divider\"><\/div>\n\n        <div class=\"lux-bio__content\">\n          <p>\nIch sehe dich.<br>\nVergiss deinen Alltag. Vergiss deine Gewohnheiten. Vergiss den \u00fcblichen Stress.<br><br>\nLass dich fallen und \u00fcbergib mir die Kontrolle.<br>\nWeiblichkeit, Sinnlichkeit und Erhabenheit sind nur einige Attribute, die mich als Femme Fatale ausmachen.<br>\nIch bin authentisch, modisch und vielf\u00e4ltig. Doch vor allem: Ich bin neugierig.<br><br>\nAls passionierte und gelernte Rollenspielerin ist mir kein Fetisch fremd. Vom Looning- bis hin zum Friseurfetisch, vom spannenden Elektro- bis zum bizarren Klinikspiel: Ich liebe das Experiment, die Perversion und bin immer bereit, neue Praktiken auszuprobieren.<br><br>\nMeine Sessions stechen durch Herzlichkeit und Humor heraus, doch t\u00e4usche dich nicht: Als ehrw\u00fcrdige Lady und und leidenschaftliche Sadistin besitze ich die notwendige Strenge, verstehe ich mein Handwerk der Qual. Von leichten bis extrem harten Folterspielen: Gemeinsam mit dir steige ich hinab in die dunklen Abgr\u00fcnde einer Welt, der du Dich vollkommen hingeben willst.<br><br>\nEinf\u00fchlsam lasse ich mich auf dich ein.<br>\nIch erforsche dich, ich verf\u00fchre dich, ich kontrolliere dich \u2013 bis du mir verf\u00e4llst und ich dich komplett besitze.<br>\nTraust du dich? Dann kontaktiere mich. Du freust dich, von mir zu h\u00f6ren.<br><br>\n \nBizarre Gr\u00fc\u00dfe<br>\nLady Markazi<br>\n<br>\nBevorzugte Praktiken:\n<br><br>\nExtrem-Klinik<br>\nFu\u00dferotik<br>\nSkl*venerziehung<br>\nPeitschen<br>\nRohrstockerziehung<br>\nTunnelspiele<br>\nFlagellation<br>\nForced-Bi<br>\nReizstrom<br>\nRollenspiele<br>\nund vieles mehr \u2026<br>\n\nSchwarzer Bereich:<br><br>\nCBT<br>\nBallbusting<br>\nNippelf*lter<br>\nAt*mr*duktion<br>\nKitzelf*lter<br>\nSpitting<br>\nNS \/ KV \/ Erdbeerspiele<br>\nGeruchsspiele<br>\nK\u00e4lte- Feuerspiele<br>\nKeuschhaltung<br>\nStromspiele<br>\nTunnelspiele<br>\nTV Ausbildung \/ Sissy Erziehung\/ Feminisierungen<br>\nTease and Denial<br>\nShibari Bondage<br>\nPetplay<br>\nFoodplay<br>\nInhaftierungen\n<br><br>\n\nWei\u00dfer Bereich<br><br>\n\nUntersuchungsspiele<br>\nAn*le Spiele<br>\nProstatauntersuchungen \/ Prostatamassagen<br>\nFisting<br>\nAn*le Geburten<br>\nHarnr*hrendehnung \/ Sounding<br>\nBlasenkatheter<br>\nUnterspritzungen<br>\nNadelungen<br>\nMedizinisches Tackern<br>\nMedizinisches N\u00e4hen<br>\nCuttings<br>\nEingipsen<br>\nUrintherapien<br>\nSchwitzkuren<br>\nRasuren<br>\nZw*ngsm*lkungen<br>\nSchein-OPs\n<br><br>\nDirty Games\n<br>\nVomit \/ R\u00f6mische Dusche<br>\nNS<br>\nKV<br>\nErdbeerspiele\n<br><br>\nTabus<br><br>\nGV &#038; OV<br>\nerotische Ringk\u00e4mpfe<br>\n<\/p>\n          \n        <\/div>\n\n\n<style>\n.sm-schedule-wrapper {\n  width: 100%;\n  text-align: center;\n  margin-top: 16px;\n  padding: 0 8px;\n}\n\n.sm-schedule-table {\n  margin: 0 auto;\n  width: 100%;\n  max-width: 520px;\n  border-collapse: collapse;\n  font-family: 'Cinzel', serif;\n  color: #ffffff;\n  table-layout: fixed;\n}\n\n\/* Einheitliche H\u00f6he & perfekte Zentrierung *\/\n.sm-schedule-table td,\n.sm-schedule-table th {\n  height: 42px !important;\n  line-height: 42px !important;\n  padding: 0 !important;\n  margin: 0 !important;\n  vertical-align: middle !important;\n  text-align: center !important;\n  white-space: nowrap !important;\n}\n\n\/* \u00dcberschriftenstil *\/\n.sm-schedule-table th {\n  font-size: 16px;\n  text-transform: uppercase;\n  letter-spacing: 1.5px;\n  text-shadow: 0 0 8px rgba(255,255,255,0.45);\n  border-bottom: 1px solid rgba(255,255,255,0.25);\n}\n\n\/* Tabelleninhalt *\/\n.sm-schedule-table td {\n  font-size: 14px;\n  text-shadow: 0 0 5px rgba(255,255,255,0.4);\n  border-bottom: 1px solid rgba(255,255,255,0.12);\n}\n\n\/* Statusfarben *\/\n.sm-status-available {\n  color: #00ff00 !important;\n  text-shadow: 0 0 6px rgba(0,255,0,0.45);\n}\n\n.sm-status-away {\n  color: #ff4444 !important;\n  text-shadow: 0 0 6px rgba(255,0,0,0.45);\n}\n<\/style>\n\n      <\/div>\n    <\/div>\n\n  <\/div>\n\n<\/section>\n","protected":false},"excerpt":{"rendered":"<p>Lady Markazi Mistress Anwesenheit Status 18.05.2026 Verf\u00fcgbar 19.05.2026 Verf\u00fcgbar \u00dcber mich Ich sehe dich. Vergiss deinen Alltag. Vergiss deine Gewohnheiten. Vergiss den \u00fcblichen Stress. Lass dich fallen und \u00fcbergib mir die Kontrolle. Weiblichkeit, Sinnlichkeit und Erhabenheit sind nur einige Attribute, die mich als Femme Fatale ausmachen. Ich bin authentisch, modisch und vielf\u00e4ltig. Doch vor allem: &#8230; <a title=\"Lady Markazi\" class=\"read-more\" href=\"https:\/\/smlounge.de\/index.php\/ladymarkazi\/\" aria-label=\"Mehr Informationen \u00fcber Lady Markazi\">Weiterlesen<\/a><\/p>\n","protected":false},"author":1,"featured_media":0,"parent":0,"menu_order":0,"comment_status":"closed","ping_status":"closed","template":"","meta":{"footnotes":""},"class_list":["post-373","page","type-page","status-publish"],"_links":{"self":[{"href":"https:\/\/smlounge.de\/index.php\/wp-json\/wp\/v2\/pages\/373","targetHints":{"allow":["GET"]}}],"collection":[{"href":"https:\/\/smlounge.de\/index.php\/wp-json\/wp\/v2\/pages"}],"about":[{"href":"https:\/\/smlounge.de\/index.php\/wp-json\/wp\/v2\/types\/page"}],"author":[{"embeddable":true,"href":"https:\/\/smlounge.de\/index.php\/wp-json\/wp\/v2\/users\/1"}],"replies":[{"embeddable":true,"href":"https:\/\/smlounge.de\/index.php\/wp-json\/wp\/v2\/comments?post=373"}],"version-history":[{"count":12,"href":"https:\/\/smlounge.de\/index.php\/wp-json\/wp\/v2\/pages\/373\/revisions"}],"predecessor-version":[{"id":1442,"href":"https:\/\/smlounge.de\/index.php\/wp-json\/wp\/v2\/pages\/373\/revisions\/1442"}],"wp:attachment":[{"href":"https:\/\/smlounge.de\/index.php\/wp-json\/wp\/v2\/media?parent=373"}],"curies":[{"name":"wp","href":"https:\/\/api.w.org\/{rel}","templated":true}]}}